{"id":1262,"date":"2019-09-09T13:38:43","date_gmt":"2019-09-09T13:38:43","guid":{"rendered":"https:\/\/www.madacclima.com\/?page_id=1262"},"modified":"2019-09-09T13:38:43","modified_gmt":"2019-09-09T13:38:43","slug":"installacio-energies-renovables-el-vendrell","status":"publish","type":"page","link":"https:\/\/www.madacclima.com\/es\/installacio-energies-renovables-el-vendrell\/","title":{"rendered":"Instal\u00b7laci\u00f3 energies renovables El Vendrell"},"content":{"rendered":"<div class=\"wpb-content-wrapper\"><p>[vc_row css_animation=\u00bb\u00bb row_type=\u00bbrow\u00bb use_row_as_full_screen_section=\u00bbno\u00bb type=\u00bbgrid\u00bb angled_section=\u00bbno\u00bb text_align=\u00bbleft\u00bb background_image_as_pattern=\u00bbwithout_pattern\u00bb css=\u00bb.vc_custom_1523268378652{background-position: center !important;background-repeat: no-repeat !important;background-size: contain !important;}\u00bb z_index=\u00bb\u00bb][vc_column width=\u00bb2\/3&#8243;][vc_empty_space height=\u00bb64px\u00bb][vc_column_text]<\/p>\n<h1 style=\"font-size: 35px;\">INSTAL\u00b7LACI\u00d3 ENERGIES RENOVABLES EL VENDRELL<\/h1>\n<p>[\/vc_column_text][vc_empty_space height=\u00bb43px\u00bb][vc_column_text]<\/p>\n<h2 style=\"font-size: 25px;\">SERVEI D&#8217;INSTAL\u00b7LACI\u00d3 DE ENERGIES RENOVABLES EL VENDRELL<\/h2>\n<p>[\/vc_column_text][vc_empty_space height=\u00bb43px\u00bb][vc_single_image image=\u00bb1228&#8243; img_size=\u00bbfull\u00bb qode_css_animation=\u00bb\u00bb][vc_empty_space height=\u00bb23px\u00bb][vc_column_text]MADAC CLIMA, empresa d&#8217;instal\u00b7laci\u00f3 de energies renovables amb oficines a Sitges i Vilafranca del Pened\u00e8s, disposa de t\u00e8cnics especialistes que es desplacen fins a El Vendrell, per oferir el servei d&#8217;instal\u00b7laci\u00f3 de energies renovables oferint la m\u00e0xima qualitat i el millor servei.<\/p>\n<p>&nbsp;<\/p>\n<p>Despr\u00e9s de la nostra llarga traject\u00f2ria de m\u00e9s de 50 anys en el sector, i amb el suport dels nostres partners i fabricants com \u00abFer, Visesman\u00bb podem oferir diferents tipus de instalaci\u00f3nes parar les seves instal\u00b7lacions de energies renovables a El Vendrell.<\/p>\n<p>&nbsp;<\/p>\n<p>Instal\u00b7lem tot tipus d&#8217;instal\u00b7lacions de energies renovables a El Vendrell. Instal\u00b7lant qualsevol element de la seva instal\u00b7laci\u00f3 de energies renovables, aix\u00ed com energia e\u00f2lica, solar, t\u00e8rmica, hidr\u00e0ulica, hidroel\u00e8ctrica, fotovoltaica, biomassa, biog\u00e0s, geot\u00e8rmica, maremotriu, biodi\u00e8sel i qualsevol altre sistema que tingui a veure amb les energies renovables.<\/p>\n<p>&nbsp;<\/p>\n<p>Les nostres instal\u00b7lacions s\u00f3n un servei integral on assessorem i mantenim totes les seves instal\u00b7lacions de energies renovables i tots els seus elements.<\/p>\n<p>&nbsp;<\/p>\n<p>Aix\u00ed mateix solucionem tot el referent a:<\/p>\n<ul>\n<li>Instal\u00b7laci\u00f3 energies renovables<\/li>\n<li>Instal\u00b7laci\u00f3\u00a0energia e\u00f2lica<\/li>\n<li>Manteniment de energies renovables<\/li>\n<li>Noves instal\u00b7lacions energia e\u00f2lica<\/li>\n<\/ul>\n<p>&nbsp;<\/p>\n<p>A m\u00e9s d&#8217;aquests serveis disposem de molts altres serveis a El Vendrell com la instal\u00b7laci\u00f3 de energies renovables, instal\u00b7laci\u00f3 energia e\u00f2lica, solar, t\u00e8rmica, hidr\u00e0ulica, hidroel\u00e8ctrica, fotovoltaica, biomassa, biog\u00e0s, geot\u00e8rmica, maremotriu, biodi\u00e8sel i el seu manteniment.[\/vc_column_text][vc_empty_space height=\u00bb23px\u00bb][vc_column_text]<\/p>\n<h4><strong>Si necessita qualsevol consulta sobre serveis d&#8217;instal\u00b7laci\u00f3 de energia renovable a El Vendrell, pressupost o servei d&#8217;instal\u00b7laci\u00f3 o manteniment de energia renovable a El Vendrell, poseu-vos en contacte amb nosaltres, mitjan\u00e7ant aquest senzill formulari.<br \/>\n<\/strong><\/h4>\n<p>[\/vc_column_text][vc_empty_space height=\u00bb23px\u00bb]\n<div class=\"wpcf7 no-js\" id=\"wpcf7-f504-o1\" lang=\"ca\" dir=\"ltr\" data-wpcf7-id=\"504\">\n<div class=\"screen-reader-response\"><p role=\"status\" aria-live=\"polite\" aria-atomic=\"true\"><\/p> <ul><\/ul><\/div>\n<form action=\"\/es\/wp-json\/wp\/v2\/pages\/1262#wpcf7-f504-o1\" method=\"post\" class=\"wpcf7-form init default\" aria-label=\"Formulari de contacte\" novalidate=\"novalidate\" data-status=\"init\">\n<fieldset class=\"hidden-fields-container\"><input type=\"hidden\" name=\"_wpcf7\" value=\"504\" \/><input type=\"hidden\" name=\"_wpcf7_version\" value=\"6.1.5\" \/><input type=\"hidden\" name=\"_wpcf7_locale\" value=\"ca\" \/><input type=\"hidden\" name=\"_wpcf7_unit_tag\" value=\"wpcf7-f504-o1\" \/><input type=\"hidden\" name=\"_wpcf7_container_post\" value=\"0\" \/><input type=\"hidden\" name=\"_wpcf7_posted_data_hash\" value=\"\" \/>\n<\/fieldset>\n<p><label> <span class=\"wpcf7-form-control-wrap\" data-name=\"your-name\"><input size=\"40\" maxlength=\"400\" class=\"wpcf7-form-control wpcf7-text wpcf7-validates-as-required\" aria-required=\"true\" aria-invalid=\"false\" placeholder=\"Nom\" value=\"\" type=\"text\" name=\"your-name\" \/><\/span> <\/label>\n<\/p>\n<p><label> <span class=\"wpcf7-form-control-wrap\" data-name=\"your-email\"><input size=\"40\" maxlength=\"400\" class=\"wpcf7-form-control wpcf7-email wpcf7-validates-as-required wpcf7-text wpcf7-validates-as-email\" aria-required=\"true\" aria-invalid=\"false\" placeholder=\"Email\" value=\"\" type=\"email\" name=\"your-email\" \/><\/span> <\/label>\n<\/p>\n<p><label> <span class=\"wpcf7-form-control-wrap\" data-name=\"your-tel\"><input size=\"40\" maxlength=\"400\" class=\"wpcf7-form-control wpcf7-text\" aria-invalid=\"false\" placeholder=\"Tel\u00e8fon\" value=\"\" type=\"text\" name=\"your-tel\" \/><\/span> <\/label>\n<\/p>\n<p><label> <span class=\"wpcf7-form-control-wrap\" data-name=\"your-message\"><textarea cols=\"40\" rows=\"10\" maxlength=\"2000\" class=\"wpcf7-form-control wpcf7-textarea\" aria-invalid=\"false\" placeholder=\"Missatge\" name=\"your-message\"><\/textarea><\/span> <\/label>\n<\/p>\n<p><span class=\"wpcf7-form-control-wrap\" data-name=\"acceptance-51\"><span class=\"wpcf7-form-control wpcf7-acceptance\"><span class=\"wpcf7-list-item\"><input type=\"checkbox\" name=\"acceptance-51\" value=\"1\" aria-invalid=\"false\" \/><\/span><\/span><\/span> He llegit i accepto la <a target=\"_blank\" href=\"https:\/\/www.madacclima.com\/avis-legal\/\">Pol\u00edtica de privacitat<\/a>\n<\/p>\n<p><input class=\"wpcf7-form-control wpcf7-submit has-spinner\" type=\"submit\" value=\"Enviar\" \/>\n<\/p><div class=\"wpcf7-response-output\" aria-hidden=\"true\"><\/div>\n<\/form>\n<\/div>\n[vc_empty_space height=\u00bb23px\u00bb][vc_column_text]Madac Clima realitza un continu manteniment de energia renovable a El Vendrell i quan els nostres t\u00e8cnics en sistemes de energia renovable veuen que la energia renovable no funciona correctament gestionen la instal\u00b7laci\u00f3 de energia renovable canviant els materials que siguin necessaris per solucionar el problema el m\u00e9s r\u00e0pid possible, tant per a empreses, locals i particulars millorant el rendiment dels habitatges o locals amb energia renovable a El Vendrell, aix\u00ed com la instal\u00b7laci\u00f3 de energia e\u00f2lica, solar, t\u00e8rmica, hidr\u00e0ulica, hidroel\u00e8ctrica, fotovoltaica, biomassa, biog\u00e0s, geot\u00e8rmica, maremotriu, biodi\u00e8sel<\/p>\n<p>&nbsp;<\/p>\n<p>El manteniment de energia renovable a El Vendrell i del del circuit de energia renovable suposa\u00a0una millora de les energies renovables netes, inesgotables i cada vegada m\u00e9s competitives.<\/p>\n<p>&nbsp;<\/p>\n<h4>Consells per mantenir un bon estat de energia renovable a El Vendrell:<\/h4>\n<ul>\n<li>Comprova que el circuit el\u00e8ctric de la energia renovable est\u00e0 ben connectat.<\/li>\n<li>Assegura&#8217;t que el manteniment de la energia renovable \u00e9s l&#8217;adequat.<\/li>\n<li>Troba que el sistema hidr\u00e0ulic i hidroel\u00e8ctric sigui l&#8217;adequat pel teu confort.<\/li>\n<li>Comprova que tot el sistema de la teva energia renovable sigui correcte.<\/li>\n<li>Amb aquests senzills cinc consells, mantindr\u00e0s la teva energia renovable totalment operativa.<\/li>\n<\/ul>\n<p>&nbsp;<\/p>\n<p>Si tens qualsevol dubte o necessites reparar la teva energia renovable a El Vendrell contacta amb Madac Clima. Encara que estem a Sitges i Vilafranca del Pened\u00e8s, ens desplacem a realitzar el manteniment de energia renovable a El Vendrell sense dubtar-ho.[\/vc_column_text][vc_empty_space height=\u00bb64px\u00bb][\/vc_column][vc_column width=\u00bb1\/3&#8243;][vc_empty_space height=\u00bb64px\u00bb][vc_widget_sidebar sidebar_id=\u00bbsidebar\u00bb][vc_empty_space height=\u00bb64px\u00bb][\/vc_column][\/vc_row]<\/p>\n<\/div>","protected":false},"excerpt":{"rendered":"<p>[vc_row css_animation=\u00bb\u00bb row_type=\u00bbrow\u00bb use_row_as_full_screen_section=\u00bbno\u00bb type=\u00bbgrid\u00bb angled_section=\u00bbno\u00bb text_align=\u00bbleft\u00bb background_image_as_pattern=\u00bbwithout_pattern\u00bb css=\u00bb.vc_custom_1523268378652{background-position: center !important;background-repeat: no-repeat !important;background-size: contain !important;}\u00bb z_index=\u00bb\u00bb][vc_column width=\u00bb2\/3&#8243;][vc_empty_space height=\u00bb64px\u00bb][vc_column_text] INSTAL\u00b7LACI\u00d3 ENERGIES RENOVABLES EL VENDRELL [\/vc_column_text][vc_empty_space height=\u00bb43px\u00bb][vc_column_text] SERVEI D&#8217;INSTAL\u00b7LACI\u00d3 DE ENERGIES RENOVABLES EL VENDRELL [\/vc_column_text][vc_empty_space height=\u00bb43px\u00bb][vc_single_image image=\u00bb1228&#8243; img_size=\u00bbfull\u00bb qode_css_animation=\u00bb\u00bb][vc_empty_space height=\u00bb23px\u00bb][vc_column_text]MADAC CLIMA, empresa d&#8217;instal\u00b7laci\u00f3 de energies renovables amb&#8230;<\/p>\n","protected":false},"author":1,"featured_media":0,"parent":0,"menu_order":0,"comment_status":"closed","ping_status":"closed","template":"full_width.php","meta":{"footnotes":""},"class_list":["post-1262","page","type-page","status-publish","hentry"],"_links":{"self":[{"href":"https:\/\/www.madacclima.com\/es\/wp-json\/wp\/v2\/pages\/1262","targetHints":{"allow":["GET"]}}],"collection":[{"href":"https:\/\/www.madacclima.com\/es\/wp-json\/wp\/v2\/pages"}],"about":[{"href":"https:\/\/www.madacclima.com\/es\/wp-json\/wp\/v2\/types\/page"}],"author":[{"embeddable":true,"href":"https:\/\/www.madacclima.com\/es\/wp-json\/wp\/v2\/users\/1"}],"replies":[{"embeddable":true,"href":"https:\/\/www.madacclima.com\/es\/wp-json\/wp\/v2\/comments?post=1262"}],"version-history":[{"count":1,"href":"https:\/\/www.madacclima.com\/es\/wp-json\/wp\/v2\/pages\/1262\/revisions"}],"predecessor-version":[{"id":1285,"href":"https:\/\/www.madacclima.com\/es\/wp-json\/wp\/v2\/pages\/1262\/revisions\/1285"}],"wp:attachment":[{"href":"https:\/\/www.madacclima.com\/es\/wp-json\/wp\/v2\/media?parent=1262"}],"curies":[{"name":"wp","href":"https:\/\/api.w.org\/{rel}","templated":true}]}}

Instal·lació energies renovables El Vendrell

<div class="wpb-content-wrapper"><p>[vc_row css_animation=»» row_type=»row» use_row_as_full_screen_section=»no» type=»grid» angled_section=»no» text_align=»left» background_image_as_pattern=»without_pattern» css=».vc_custom_1523268378652{background-position: center !important;background-repeat: no-repeat !important;background-size: contain !important;}» z_index=»»][vc_column width=»2/3&#8243;][vc_empty_space height=»64px»][vc_column_text]</p>
<h1 style="font-size: 35px;">INSTAL·LACIÓ ENERGIES RENOVABLES EL VENDRELL</h1>
<p>[/vc_column_text][vc_empty_space height=»43px»][vc_column_text]</p>
<h2 style="font-size: 25px;">SERVEI D&#8217;INSTAL·LACIÓ DE ENERGIES RENOVABLES EL VENDRELL</h2>
<p>[/vc_column_text][vc_empty_space height=»43px»][vc_single_image image=»1228&#8243; img_size=»full» qode_css_animation=»»][vc_empty_space height=»23px»][vc_column_text]MADAC CLIMA, empresa d&#8217;instal·lació de energies renovables amb oficines a Sitges i Vilafranca del Penedès, disposa de tècnics especialistes que es desplacen fins a El Vendrell, per oferir el servei d&#8217;instal·lació de energies renovables oferint la màxima qualitat i el millor servei.</p>
<p>&nbsp;</p>
<p>Després de la nostra llarga trajectòria de més de 50 anys en el sector, i amb el suport dels nostres partners i fabricants com «Fer, Visesman» podem oferir diferents tipus de instalaciónes parar les seves instal·lacions de energies renovables a El Vendrell.</p>
<p>&nbsp;</p>
<p>Instal·lem tot tipus d&#8217;instal·lacions de energies renovables a El Vendrell. Instal·lant qualsevol element de la seva instal·lació de energies renovables, així com energia eòlica, solar, tèrmica, hidràulica, hidroelèctrica, fotovoltaica, biomassa, biogàs, geotèrmica, maremotriu, biodièsel i qualsevol altre sistema que tingui a veure amb les energies renovables.</p>
<p>&nbsp;</p>
<p>Les nostres instal·lacions són un servei integral on assessorem i mantenim totes les seves instal·lacions de energies renovables i tots els seus elements.</p>
<p>&nbsp;</p>
<p>Així mateix solucionem tot el referent a:</p>
<ul>
<li>Instal·lació energies renovables</li>
<li>Instal·lació energia eòlica</li>
<li>Manteniment de energies renovables</li>
<li>Noves instal·lacions energia eòlica</li>
</ul>
<p>&nbsp;</p>
<p>A més d&#8217;aquests serveis disposem de molts altres serveis a El Vendrell com la instal·lació de energies renovables, instal·lació energia eòlica, solar, tèrmica, hidràulica, hidroelèctrica, fotovoltaica, biomassa, biogàs, geotèrmica, maremotriu, biodièsel i el seu manteniment.[/vc_column_text][vc_empty_space height=»23px»][vc_column_text]</p>
<h4><strong>Si necessita qualsevol consulta sobre serveis d&#8217;instal·lació de energia renovable a El Vendrell, pressupost o servei d&#8217;instal·lació o manteniment de energia renovable a El Vendrell, poseu-vos en contacte amb nosaltres, mitjançant aquest senzill formulari.<br />
</strong></h4>
<p>[/vc_column_text][vc_empty_space height=»23px»]
<div class="wpcf7 no-js" id="wpcf7-f504-o1" lang="ca" dir="ltr" data-wpcf7-id="504">
<div class="screen-reader-response"><p role="status" aria-live="polite" aria-atomic="true"></p> <ul></ul></div>
<form action="/es/wp-json/wp/v2/pages/1262#wpcf7-f504-o1" method="post" class="wpcf7-form init default" aria-label="Formulari de contacte" novalidate="novalidate" data-status="init">
<fieldset class="hidden-fields-container"><input type="hidden" name="_wpcf7" value="504" /><input type="hidden" name="_wpcf7_version" value="6.1.5" /><input type="hidden" name="_wpcf7_locale" value="ca" /><input type="hidden" name="_wpcf7_unit_tag" value="wpcf7-f504-o1" /><input type="hidden" name="_wpcf7_container_post" value="0" /><input type="hidden" name="_wpcf7_posted_data_hash" value="" />
</fieldset>
<p><label> <span class="wpcf7-form-control-wrap" data-name="your-name"><input size="40" maxlength="400" class="wpcf7-form-control wpcf7-text wpcf7-validates-as-required" aria-required="true" aria-invalid="false" placeholder="Nom" value="" type="text" name="your-name" /></span> </label>
</p>
<p><label> <span class="wpcf7-form-control-wrap" data-name="your-email"><input size="40" maxlength="400" class="wpcf7-form-control wpcf7-email wpcf7-validates-as-required wpcf7-text wpcf7-validates-as-email" aria-required="true" aria-invalid="false" placeholder="Email" value="" type="email" name="your-email" /></span> </label>
</p>
<p><label> <span class="wpcf7-form-control-wrap" data-name="your-tel"><input size="40" maxlength="400" class="wpcf7-form-control wpcf7-text" aria-invalid="false" placeholder="Telèfon" value="" type="text" name="your-tel" /></span> </label>
</p>
<p><label> <span class="wpcf7-form-control-wrap" data-name="your-message"><textarea cols="40" rows="10" maxlength="2000" class="wpcf7-form-control wpcf7-textarea" aria-invalid="false" placeholder="Missatge" name="your-message"></textarea></span> </label>
</p>
<p><span class="wpcf7-form-control-wrap" data-name="acceptance-51"><span class="wpcf7-form-control wpcf7-acceptance"><span class="wpcf7-list-item"><input type="checkbox" name="acceptance-51" value="1" aria-invalid="false" /></span></span></span> He llegit i accepto la <a target="_blank" href="https://www.madacclima.com/avis-legal/">Política de privacitat</a>
</p>
<p><input class="wpcf7-form-control wpcf7-submit has-spinner" type="submit" value="Enviar" />
</p><div class="wpcf7-response-output" aria-hidden="true"></div>
</form>
</div>
[vc_empty_space height=»23px»][vc_column_text]Madac Clima realitza un continu manteniment de energia renovable a El Vendrell i quan els nostres tècnics en sistemes de energia renovable veuen que la energia renovable no funciona correctament gestionen la instal·lació de energia renovable canviant els materials que siguin necessaris per solucionar el problema el més ràpid possible, tant per a empreses, locals i particulars millorant el rendiment dels habitatges o locals amb energia renovable a El Vendrell, així com la instal·lació de energia eòlica, solar, tèrmica, hidràulica, hidroelèctrica, fotovoltaica, biomassa, biogàs, geotèrmica, maremotriu, biodièsel</p>
<p>&nbsp;</p>
<p>El manteniment de energia renovable a El Vendrell i del del circuit de energia renovable suposa una millora de les energies renovables netes, inesgotables i cada vegada més competitives.</p>
<p>&nbsp;</p>
<h4>Consells per mantenir un bon estat de energia renovable a El Vendrell:</h4>
<ul>
<li>Comprova que el circuit elèctric de la energia renovable està ben connectat.</li>
<li>Assegura&#8217;t que el manteniment de la energia renovable és l&#8217;adequat.</li>
<li>Troba que el sistema hidràulic i hidroelèctric sigui l&#8217;adequat pel teu confort.</li>
<li>Comprova que tot el sistema de la teva energia renovable sigui correcte.</li>
<li>Amb aquests senzills cinc consells, mantindràs la teva energia renovable totalment operativa.</li>
</ul>
<p>&nbsp;</p>
<p>Si tens qualsevol dubte o necessites reparar la teva energia renovable a El Vendrell contacta amb Madac Clima. Encara que estem a Sitges i Vilafranca del Penedès, ens desplacem a realitzar el manteniment de energia renovable a El Vendrell sense dubtar-ho.[/vc_column_text][vc_empty_space height=»64px»][/vc_column][vc_column width=»1/3&#8243;][vc_empty_space height=»64px»][vc_widget_sidebar sidebar_id=»sidebar»][vc_empty_space height=»64px»][/vc_column][/vc_row]</p>
</div>

<p>[vc_row css_animation=»» row_type=»row» use_row_as_full_screen_section=»no» type=»grid» angled_section=»no» text_align=»left» background_image_as_pattern=»without_pattern» css=».vc_custom_1523268378652{background-position: center !important;background-repeat: no-repeat !important;background-size: contain !important;}» z_index=»»][vc_column width=»2/3&#8243;][vc_empty_space height=»64px»][vc_column_text] INSTAL·LACIÓ ENERGIES RENOVABLES EL VENDRELL [/vc_column_text][vc_empty_space height=»43px»][vc_column_text] SERVEI D&#8217;INSTAL·LACIÓ DE ENERGIES RENOVABLES EL VENDRELL [/vc_column_text][vc_empty_space height=»43px»][vc_single_image image=»1228&#8243; img_size=»full» qode_css_animation=»»][vc_empty_space height=»23px»][vc_column_text]MADAC CLIMA, empresa d&#8217;instal·lació de energies renovables amb&#8230;</p>
